 -i + y = 4*u + i, 0 = -2*i - 8. Let t = u - 58. Is t a composite number?
False
Suppose 13*t - 77915 - 1970 = 0. Is t prime?
False
Suppose 0*a - 3600 = -5*a. Suppose -3*p + 608 = f, 5*p + f = 294 + a. Is p a prime number?
False
Let j(g) = g**3 + 5*g**2 + 4*g + 2. Let u be j(-4). Suppose -1 = u*v - 3*v, -3*v - 217 = -4*k. Is k prime?
False
Is 3*(-3 - -4) + 271 a prime number?
False
Let w be 2/(-2 + (-6)/(-4)). Let m = 181 - w. Is m a prime number?
False
Let c(k) = -23*k + 8. Is c(-5) a composite number?
True
Let f(o) = o**3 - 4*o**2 - 3*o - 7. Let u be f(5). Suppose -4*p + 7 - 23 = -g, 4*g + u*p = -12. Suppose 51 = 5*x + 3*i - 134, g = -i. Is x prime?
True
Suppose 3*j - 4*r = -0*j + 17539, 0 = 5*j + 4*r - 29253. Is j composite?
False
Let g(c) = c + 14. Let v be g(-10). Suppose v*q - 81 = 187. Is q a composite number?
False
Suppose -7*u + 2*u = 0. Let i be (12/(-3) - u)*-1. Let a = 27 + i. Is a composite?
False
Suppose -12 + 0 = -3*f. Suppose 2*w + 0 = f. Suppose -3*m = 6, 0 = -3*j - w*m - 3*m + 8. Is j prime?
False
Suppose -3*h + 2*q = 5*q - 9, 5*h - 5*q - 5 = 0. Suppose 3*l + 79 = 5*p, 6*p - p - h*l - 76 = 0. Let r = p + 21. Is r a prime number?
False
Let o = -368 + 1566. Is o composite?
True
Suppose 898 = v + 5*l, 5*v + 3*l - 6*l = 4630. Is v a composite number?
True
Let t = -77 - -298. Is (1*-11)/((-13)/t) a prime number?
False
Let n be 4/(-20) + (-202)/(-10). Suppose 2*p = -3*p - n. Is (-2 - -4)/(p/(-102)) a composite number?
True
Suppose 3*x - 2 + 5 = 0. Let q = 4 - x. Suppose 48 = q*t - 137. Is t composite?
False
Let z be 2/(-3)*3 - 3. Let l(a) be the second derivative of a**5/20 + 3*a**4/4 + 5*a**3/6 + 2*a**2 - 3*a. Is l(z) prime?
True
Let v(a) = -a - 10. Let c be v(-15). Suppose 0 = c*y - 0*y - 195. Is y a prime number?
False
Let v(r) = 8*r - 4. Let i be v(3). Let x = i - -1. Is x composite?
True
Let y = 350 + -500. Let l = y - -229. Is l a prime number?
True
Let a(s) = -s**2 + 7*s - 6. Suppose 5 - 13 = -4*z. Let w be (0 - (-2)/1)*z. Is a(w) a prime number?
False
Let n(i) = 201*i**3 - i**2 + i. Is n(1) composite?
True
Suppose 12*u + 3274 = 14*u. Is u composite?
False
Suppose -3*i - 3*u = -39, -3*u = i - 4*u - 15. Let x be (-4)/i + (-1130)/(-35). Let r = 141 - x. Is r composite?
False
Suppose -2*l = l - 3*s - 789, l = 4*s + 263. Is l a prime number?
True
Let f(m) = m**3 + 11*m**2 + 14*m + 6. Let c be f(-9). Suppose -4 = 3*g - 1, -4*g = -2*p + c. Is p composite?
False
Let t(a) = -340*a - 41. Is t(-10) a composite number?
False
Suppose 0 = -3*z - s + 26 - 0, -4*z = 5*s - 53. Suppose -1 = 4*o + z. Is (2/o)/((-2)/26) a composite number?
False
Let v be 18/4*104/12. Suppose 5*m - 2*m = v. Is m composite?
False
Let d be (0 + (0 - 3))*-1. Let l(w) = 8*w**2 + 4*w - 1. Is l(d) a prime number?
True
Is (-352 - 2)*1/(-2) a prime number?
False
Let s = 0 + 1. Let g be ((-2)/5)/(s/(-10)). Suppose -q + 3*o = -32, 5*q - 157 - 14 = g*o. Is q composite?
True
Let t = 7 - 4. Is (1/4)/(t/1356) a prime number?
True
Let q be 62/2 - -1*1. Let p = 46 - -11. Let x = p - q. Is x a prime number?
False
Suppose j + 2*j = 2*x + 3211, -5*x = -4*j + 4272. Is j a prime number?
False
Suppose 6*l + 7870 = -5036. Let p = l + 3710. Is p a composite number?
False
Let j(q) = 43*q - 1. Let x be j(-1). Let y = x - -111. Let u = y - 48. Is u a prime number?
True
Let r = 1040 - 735. Let s = r + -160. Is s a composite number?
True
Suppose 0 = -3*c + 2*j - 6*j + 6839, -2*j + 6841 = 3*c. Is c composite?
False
Let y(k) = k + 2 + 1 + 4. Let u be y(-5). Is 186/8 + u/(-8) a prime number?
True
Let w = -4 - -4. Let o be -1*(-146 + -2) - w. Suppose -4*n = -584 + o. Is n a prime number?
True
Let h = 29 + -6. Is h a composite number?
False
Let q(y) = -2*y**3 + 3*y + 4. Suppose b + 5*h + 19 + 9 = 0, 2*b + 31 = -5*h. Is q(b) a prime number?
False
Let m be -2 + 348 - 0/(-3). Suppose 4*x - m - 330 = 0. Is x a composite number?
True
Suppose 3*t + 223 = 13. Let i = t - -29. Let v = i - -60. Is v prime?
True
Let n(v) = -v**2 + 10*v + 7. Is n(8) prime?
True
Let g(z) = -z**3 - 21*z**2 - 21*z + 12. Is g(-25) a prime number?
True
Let u(o) = 5*o + 7*o - 4 + 3*o. Is u(9) a composite number?
False
Let m be 0/2 - (-2 - -5). Is -2 - (342/m + 1) a composite number?
True
Suppose 27 = f - 4*q, 120 - 23 = 3*f - 4*q. Is f a composite number?
True
Let o be 2*269*1/(-2). Let h = 400 + o. Is h prime?
True
Suppose 0 = 4*r - 8. Suppose -r*l + 95 = -35. Is l a prime number?
False
Is 1261 + 2 - (-1*4)/(-2) a prime number?
False
Let i(d) = d**3 + 2*d**2 - d + 2. Let c be i(-3). Let j be (1 - -53)*(-2)/c. Suppose -j = -5*w + 68. Is w composite?
False
Suppose 0 = 3*x - 58 - 2501. Is x a prime number?
True
Let o(l) = -l**3 - 8*l**2 - 8*l - 5. Let d be o(-7). Is ((-142)/(-4) - -3)*d prime?
False
Let t(x) = 31*x - 4. Let a be t(5). Suppose -2*z + a = -7. Is z prime?
True
Let m(y) = 5*y**2 - 4*y - 1. Let x(c) = 19*c**2 - 15*c - 3. Let v(l) = -22*m(l) + 6*x(l). Suppose -2*k - 9 = -5*k. Is v(k) prime?
False
Let n(j) = 65*j**2 + 2*j - 1. Let b be n(1). Let z = b + 61. Is z a prime number?
True
Suppose 5*r + 307 = a - 3*a, -5*a - 188 = 3*r. Let d = -34 - r. Let f = d - -11. Is f a prime number?
False
Suppose 0 = 4*g - 4*u + 12, g - 3 - 3 = -2*u. Suppose g = 2*a - 11 - 143. Is a prime?
False
Suppose 0 = 7*i - 3*i - 148. Let v = -9 + i. Let n = v - 15. Is n a prime number?
True
Let y(u) = -8*u**2 + 29*u + 11. Let t(g) = 2*g**2 - 7*g - 3. Let s(k) = 9*t(k) + 2*y(k). Is s(6) prime?
True
Let h(x) = 8*x**3 + 7*x + 6. Is h(5) prime?
False
Let k = 51 - -27. Suppose -3*g - k = -5*g. Is g a composite number?
True
Let n be -66 + (-1)/(-2)*0. Let s = 0 - n. Is 3354/s + 2/11 a composite number?
True
Is ((-434)/(-6))/((-5)/(-15)) composite?
True
Suppose 0 = -5*y + 5*o + 485, -5*y + 0*o + 488 = -2*o. Suppose -r - r = -y. Is r composite?
True
Suppose 0 = 2*y - 11 - 1. Suppose 339 = 9*l - y*l. Is l prime?
True
Let k = 188 + 9. Let c = k + 14. Is c a composite number?
False
Let x(g) = -g + 11. Let h(z) = -z + 5. Let w(v) = -5*h(v) + 2*x(v). Let q be w(2). Suppose c - 4 = -2, -2*j + q*c = -68. Is j a composite number?
False
Suppose 5*h - 6685 = z + 4*z, -2*z = -4*h + 5340. Is h prime?
False
Let t = 1325 - 798. Is t prime?
False
Let u be (-4)/4*-2 - -75. Suppose 7*k - u = -0*k. Is k composite?
False
Suppose -x + 265 = 4*c, 2*x - 2*c = -58 + 578. Let g = -182 + x. Is g prime?
True
Let p = 18 - 8. Let j be (-5)/(-15) + p/6. Suppose 0 = 2*a - j, 2*c - 5*a = -a + 38. Is c a prime number?
False
Let n be (-8)/(-20) - (-16)/10. Suppose 2*y + y - 191 = 2*q, 132 = n*y + q. Is y a composite number?
True
Let i = -99 - -166. Is i a composite number?
False
Suppose -a - 80909 = -6*a - 3*q, 3*a - 5*q = 48559. Is a composite?
False
Let y be -2 + (-5)/(10/(-4)). Suppose 0 = 3*l - y - 6. Is (-2 + 0)/(l/(-13)) prime?
True
Let k = -11 - -14. Suppose -2*t + 395 = k*t. Is t prime?
True
Let w(q) = q**3 + 19*q**2 - 27*q - 4. Is w(-19) a prime number?
True
Let k = -70 + 137. Is k composite?
False
Let k = -11 - -6. Let z(v) be the second derivative of -v**3 + 7*v**2/2 + 3*v. Is z(k) composite?
False
Let w = -1 + 4. Suppose 3*g = -2*q + 225 - w, -5*q = 15. Suppose -3*d - 4 = n - g, n = -3. Is d composite?
True
Let l(c) = -32*c + 3. Is l(-8) composite?
True
Let i(p) = -2*p**3 - p**2 + 4*p - 2. Suppose -2*a - 8 = -4*a, 4*c + 8 = -2*a. Is i(c) a prime number?
False
Suppose -3*v + 8 = -4. Suppose 2*l + 210 = 4*b, v*b + 2*l - 161 = b. Is b a composite number?
False
Let n = 650 - -1059. Is n a prime number?
True
Suppose -2*p = -p - 85. Suppose -p = -2*q - 5*o, 3*q - 77 - 22 = 2*o. Is q a composite number?
True
Let x(w) = -w**2 - 5*w + 8. Let z be x(-6). Let b(g) = -5*g + 0*g**2 + z*g**2 + 2*g - 1. Is b(5) a prime number?
False
Is ((-1)/1 + 7)*223/2 prime?
False
Suppose 5*b - 10743 = -u, 2*u - 10 = 7*u. Is b a prime number?
False
Let h be -2 - -6 - 1 - -2. Suppose -4*r + 14 = -0*r - p, 0 = -h*r + 4*p + 12. Suppose 0 = -2*s + 48 - r. Is s prime?
False
Suppose 2*b + 711 + 209 = 0. Let w = b - -645. Is w a composite number?
True
Suppose -3*b = -2*g - g + 978, -2*g + 649 = -b. Is g prime?
False
Suppose -y = -3*t + 2*y + 6, -3*t = 4*y - 34. Suppose -t*r + 175 = -r. Is r a prime number?
False
Let k be (-6)/(9/(-600)*2). Let f = -120 + k. Is (-1 + f)/(0 - -1) a composite number?
False
Le